{"id":1089,"date":"2005-12-28T16:09:02","date_gmt":"2005-12-28T21:09:02","guid":{"rendered":"https:\/\/moeb.ca\/expositions\/sound-recording-in-montreal-the-first-hundred-years\/"},"modified":"2021-06-28T16:21:35","modified_gmt":"2021-06-28T20:21:35","slug":"sound-recording-in-montreal-the-first-hundred-years","status":"publish","type":"expositions","link":"https:\/\/moeb.ca\/en\/exhibitions\/sound-recording-in-montreal-the-first-hundred-years\/","title":{"rendered":"Sound recording in Montreal, the first hundred years"},"content":{"rendered":"<p>Would you believe that a hundred years have come and gone since the day Emile Berliner, the inventor of the gramophone, opened the first Canadian recording studio on Peel Street in Montreal? The year was 1904 and very few people could have imagined at the time the full impact that this event would have on the world, as they knew it back then. The opening of this studio marked the beginning of an industrial adventure that revolutionized the world of communications and introduced music and sound recordings in every household in the country. We present this exhibition as a tribute to Berliner\u2019s efforts and that of all of the individuals who followed in his footsteps &#8211; one hundred years of dedication and achievements in the field of sound recording.<\/p>\n<p><strong>Pioneers and sound recording studios.<\/strong><\/p>\n<p>At the heart of this adventure, we find sound recording pioneers, such as Berliner and his sons, Edgar and Herbert, A. Hugh Joseph, Jean-Marc Audet and many others. We also find many sound recording studios that have thrived in Montreal over the last century. These include H. S. Berliner\u2019s Compo Studio, the RCA Victor Studio, Audet\u2019s Studio Marko and others such as the Associated Screen News, Stereo sound, Andr\u00e9 Perry, Tempo and the National Film Board, to name but a few. Together, they have produced a considerable body of high quality recordings, helped along the careers of generations of artists, contributed to many technical developments and established Montreal as one of the sound recording industry\u2019s most active capitals.<\/p>\n<p><strong>A century of technological advances.<\/strong><\/p>\n<p>Last, but not least, we also find in this adventure a string of remarkable technological advances, which lead the way to ever more refined sound recordings.<\/p>\n<p>Following in the wake of Thomas Edison\u2019s invention of the phonograph in 1877 and Berliner\u2019s gramophone a decade later, these new steps include more efficient microphones, electrical recording, speakers and earphones, refined disk cutting technology, magnetic recording, stereophonic sound, Dolby noise reduction technology, digital recording, laser disk technology and many others.<\/p>\n<p>Such advances are highlighted by the artefacts presented in this exhibition. They range from a 1910 Berliner gramophone to modern day computers and sophisticated studio equipment. Most forms of sound recording are acknowledged here, including those related to film production.<\/p>\n<p>This exhibition received financial support from the &#8220;Entente sur le d\u00e9veloppement culturel de Montr\u00e9al&#8221; (the Agreement on the cultural development of Montreal) reached between the City of Montreal and the &#8220;Minist\u00e8re de la Culture et des Communications du Qu\u00e9bec&#8221;.<\/p>\n","protected":false},"excerpt":{"rendered":"<p>Would you believe that a hundred years have come and gone since the day Emile Berliner, the inventor of the gramophone, opened the first Canadian recording studio on Peel Street in Montreal? The year was 1904 and very few people could have imagined at the time the full impact that this event would have on [&hellip;]<\/p>\n","protected":false},"featured_media":1088,"template":"","meta":{"_acf_changed":false,"_genesis_hide_title":false,"_genesis_hide_breadcrumbs":false,"_genesis_hide_singular_image":false,"_genesis_hide_footer_widgets":false,"_genesis_custom_body_class":"","_genesis_custom_post_class":"","_genesis_layout":"","ngg_post_thumbnail":0},"categories":[],"class_list":{"0":"post-1089","1":"expositions","2":"type-expositions","3":"status-publish","4":"has-post-thumbnail","6":"entry"},"acf":[],"yoast_head":"<!-- This site is optimized with the Yoast SEO plugin v27.4 - https:\/\/yoast.com\/product\/yoast-seo-wordpress\/ -->\n<title>Sound recording in Montreal, the first hundred years - Mus\u00e9e des ondes Emile Berliner<\/title>\n<meta name=\"description\" content=\"Sound recording in Montreal, the first hundred years\" \/>\n<meta name=\"robots\" content=\"index, follow, max-snippet:-1, max-image-preview:large, max-video-preview:-1\" \/>\n<link rel=\"canonical\" href=\"https:\/\/moeb.ca\/en\/exhibitions\/sound-recording-in-montreal-the-first-hundred-years\/\" \/>\n<meta property=\"og:locale\" content=\"en_US\" \/>\n<meta property=\"og:type\" content=\"article\" \/>\n<meta property=\"og:title\" content=\"Sound recording in Montreal, the first hundred years - Mus\u00e9e des ondes Emile Berliner\" \/>\n<meta property=\"og:description\" content=\"Sound recording in Montreal, the first hundred years\" \/>\n<meta property=\"og:url\" content=\"https:\/\/moeb.ca\/en\/exhibitions\/sound-recording-in-montreal-the-first-hundred-years\/\" \/>\n<meta property=\"og:site_name\" content=\"Mus\u00e9e des ondes Emile Berliner\" \/>\n<meta property=\"article:publisher\" content=\"https:\/\/www.facebook.com\/Mus%c3%a9e-des-ondes-Emile-Berliner-368583116562909\/\" \/>\n<meta property=\"article:modified_time\" content=\"2021-06-28T20:21:35+00:00\" \/>\n<meta property=\"og:image\" content=\"https:\/\/moeb.ca\/wp-content\/uploads\/2021\/06\/exposition-2004.jpg\" \/>\n\t<meta property=\"og:image:width\" content=\"425\" \/>\n\t<meta property=\"og:image:height\" content=\"424\" \/>\n\t<meta property=\"og:image:type\" content=\"image\/jpeg\" \/>\n<meta name=\"twitter:card\" content=\"summary_large_image\" \/>\n<meta name=\"twitter:label1\" content=\"Est. reading time\" \/>\n\t<meta name=\"twitter:data1\" content=\"2 minutes\" \/>\n<script type=\"application\/ld+json\" class=\"yoast-schema-graph\">{\"@context\":\"https:\\\/\\\/schema.org\",\"@graph\":[{\"@type\":\"WebPage\",\"@id\":\"https:\\\/\\\/moeb.ca\\\/en\\\/exhibitions\\\/sound-recording-in-montreal-the-first-hundred-years\\\/\",\"url\":\"https:\\\/\\\/moeb.ca\\\/en\\\/exhibitions\\\/sound-recording-in-montreal-the-first-hundred-years\\\/\",\"name\":\"Sound recording in Montreal, the first hundred years - Mus\u00e9e des ondes Emile Berliner\",\"isPartOf\":{\"@id\":\"https:\\\/\\\/moeb.ca\\\/en\\\/#website\"},\"primaryImageOfPage\":{\"@id\":\"https:\\\/\\\/moeb.ca\\\/en\\\/exhibitions\\\/sound-recording-in-montreal-the-first-hundred-years\\\/#primaryimage\"},\"image\":{\"@id\":\"https:\\\/\\\/moeb.ca\\\/en\\\/exhibitions\\\/sound-recording-in-montreal-the-first-hundred-years\\\/#primaryimage\"},\"thumbnailUrl\":\"https:\\\/\\\/moeb.ca\\\/wp-content\\\/uploads\\\/2021\\\/06\\\/exposition-2004.jpg\",\"datePublished\":\"2005-12-28T21:09:02+00:00\",\"dateModified\":\"2021-06-28T20:21:35+00:00\",\"description\":\"Sound recording in Montreal, the first hundred years\",\"breadcrumb\":{\"@id\":\"https:\\\/\\\/moeb.ca\\\/en\\\/exhibitions\\\/sound-recording-in-montreal-the-first-hundred-years\\\/#breadcrumb\"},\"inLanguage\":\"en-US\",\"potentialAction\":[{\"@type\":\"ReadAction\",\"target\":[\"https:\\\/\\\/moeb.ca\\\/en\\\/exhibitions\\\/sound-recording-in-montreal-the-first-hundred-years\\\/\"]}]},{\"@type\":\"ImageObject\",\"inLanguage\":\"en-US\",\"@id\":\"https:\\\/\\\/moeb.ca\\\/en\\\/exhibitions\\\/sound-recording-in-montreal-the-first-hundred-years\\\/#primaryimage\",\"url\":\"https:\\\/\\\/moeb.ca\\\/wp-content\\\/uploads\\\/2021\\\/06\\\/exposition-2004.jpg\",\"contentUrl\":\"https:\\\/\\\/moeb.ca\\\/wp-content\\\/uploads\\\/2021\\\/06\\\/exposition-2004.jpg\",\"width\":425,\"height\":424,\"caption\":\"Sound recording in Montreal, the first hundred years\"},{\"@type\":\"BreadcrumbList\",\"@id\":\"https:\\\/\\\/moeb.ca\\\/en\\\/exhibitions\\\/sound-recording-in-montreal-the-first-hundred-years\\\/#breadcrumb\",\"itemListElement\":[{\"@type\":\"ListItem\",\"position\":1,\"name\":\"Home\",\"item\":\"https:\\\/\\\/moeb.ca\\\/en\\\/\"},{\"@type\":\"ListItem\",\"position\":2,\"name\":\"Exhibitions\",\"item\":\"https:\\\/\\\/moeb.ca\\\/en\\\/exhibitions\\\/\"},{\"@type\":\"ListItem\",\"position\":3,\"name\":\"Sound recording in Montreal, the first hundred years\"}]},{\"@type\":\"WebSite\",\"@id\":\"https:\\\/\\\/moeb.ca\\\/en\\\/#website\",\"url\":\"https:\\\/\\\/moeb.ca\\\/en\\\/\",\"name\":\"Mus\u00e9e des ondes Emile Berliner\",\"description\":\"Diffuser le patrimoine associ\u00e9 \u00e0 l&#039;histoire de l\u2019industrie des ondes sonores\",\"publisher\":{\"@id\":\"https:\\\/\\\/moeb.ca\\\/en\\\/#organization\"},\"potentialAction\":[{\"@type\":\"SearchAction\",\"target\":{\"@type\":\"EntryPoint\",\"urlTemplate\":\"https:\\\/\\\/moeb.ca\\\/en\\\/?s={search_term_string}\"},\"query-input\":{\"@type\":\"PropertyValueSpecification\",\"valueRequired\":true,\"valueName\":\"search_term_string\"}}],\"inLanguage\":\"en-US\"},{\"@type\":\"Organization\",\"@id\":\"https:\\\/\\\/moeb.ca\\\/en\\\/#organization\",\"name\":\"Mus\u00e9e des Ondes Emile Berliner\",\"url\":\"https:\\\/\\\/moeb.ca\\\/en\\\/\",\"logo\":{\"@type\":\"ImageObject\",\"inLanguage\":\"en-US\",\"@id\":\"https:\\\/\\\/moeb.ca\\\/en\\\/#\\\/schema\\\/logo\\\/image\\\/\",\"url\":\"https:\\\/\\\/moeb.ca\\\/wp-content\\\/uploads\\\/2020\\\/08\\\/moeb-logo.jpg\",\"contentUrl\":\"https:\\\/\\\/moeb.ca\\\/wp-content\\\/uploads\\\/2020\\\/08\\\/moeb-logo.jpg\",\"width\":225,\"height\":120,\"caption\":\"Mus\u00e9e des Ondes Emile Berliner\"},\"image\":{\"@id\":\"https:\\\/\\\/moeb.ca\\\/en\\\/#\\\/schema\\\/logo\\\/image\\\/\"},\"sameAs\":[\"https:\\\/\\\/www.facebook.com\\\/Mus\u00e9e-des-ondes-Emile-Berliner-368583116562909\\\/\"]}]}<\/script>\n<!-- \/ Yoast SEO plugin. -->","yoast_head_json":{"title":"Sound recording in Montreal, the first hundred years - Mus\u00e9e des ondes Emile Berliner","description":"Sound recording in Montreal, the first hundred years","robots":{"index":"index","follow":"follow","max-snippet":"max-snippet:-1","max-image-preview":"max-image-preview:large","max-video-preview":"max-video-preview:-1"},"canonical":"https:\/\/moeb.ca\/en\/exhibitions\/sound-recording-in-montreal-the-first-hundred-years\/","og_locale":"en_US","og_type":"article","og_title":"Sound recording in Montreal, the first hundred years - Mus\u00e9e des ondes Emile Berliner","og_description":"Sound recording in Montreal, the first hundred years","og_url":"https:\/\/moeb.ca\/en\/exhibitions\/sound-recording-in-montreal-the-first-hundred-years\/","og_site_name":"Mus\u00e9e des ondes Emile Berliner","article_publisher":"https:\/\/www.facebook.com\/Mus%c3%a9e-des-ondes-Emile-Berliner-368583116562909\/","article_modified_time":"2021-06-28T20:21:35+00:00","og_image":[{"width":425,"height":424,"url":"https:\/\/moeb.ca\/wp-content\/uploads\/2021\/06\/exposition-2004.jpg","type":"image\/jpeg"}],"twitter_card":"summary_large_image","twitter_misc":{"Est. reading time":"2 minutes"},"schema":{"@context":"https:\/\/schema.org","@graph":[{"@type":"WebPage","@id":"https:\/\/moeb.ca\/en\/exhibitions\/sound-recording-in-montreal-the-first-hundred-years\/","url":"https:\/\/moeb.ca\/en\/exhibitions\/sound-recording-in-montreal-the-first-hundred-years\/","name":"Sound recording in Montreal, the first hundred years - Mus\u00e9e des ondes Emile Berliner","isPartOf":{"@id":"https:\/\/moeb.ca\/en\/#website"},"primaryImageOfPage":{"@id":"https:\/\/moeb.ca\/en\/exhibitions\/sound-recording-in-montreal-the-first-hundred-years\/#primaryimage"},"image":{"@id":"https:\/\/moeb.ca\/en\/exhibitions\/sound-recording-in-montreal-the-first-hundred-years\/#primaryimage"},"thumbnailUrl":"https:\/\/moeb.ca\/wp-content\/uploads\/2021\/06\/exposition-2004.jpg","datePublished":"2005-12-28T21:09:02+00:00","dateModified":"2021-06-28T20:21:35+00:00","description":"Sound recording in Montreal, the first hundred years","breadcrumb":{"@id":"https:\/\/moeb.ca\/en\/exhibitions\/sound-recording-in-montreal-the-first-hundred-years\/#breadcrumb"},"inLanguage":"en-US","potentialAction":[{"@type":"ReadAction","target":["https:\/\/moeb.ca\/en\/exhibitions\/sound-recording-in-montreal-the-first-hundred-years\/"]}]},{"@type":"ImageObject","inLanguage":"en-US","@id":"https:\/\/moeb.ca\/en\/exhibitions\/sound-recording-in-montreal-the-first-hundred-years\/#primaryimage","url":"https:\/\/moeb.ca\/wp-content\/uploads\/2021\/06\/exposition-2004.jpg","contentUrl":"https:\/\/moeb.ca\/wp-content\/uploads\/2021\/06\/exposition-2004.jpg","width":425,"height":424,"caption":"Sound recording in Montreal, the first hundred years"},{"@type":"BreadcrumbList","@id":"https:\/\/moeb.ca\/en\/exhibitions\/sound-recording-in-montreal-the-first-hundred-years\/#breadcrumb","itemListElement":[{"@type":"ListItem","position":1,"name":"Home","item":"https:\/\/moeb.ca\/en\/"},{"@type":"ListItem","position":2,"name":"Exhibitions","item":"https:\/\/moeb.ca\/en\/exhibitions\/"},{"@type":"ListItem","position":3,"name":"Sound recording in Montreal, the first hundred years"}]},{"@type":"WebSite","@id":"https:\/\/moeb.ca\/en\/#website","url":"https:\/\/moeb.ca\/en\/","name":"Mus\u00e9e des ondes Emile Berliner","description":"Diffuser le patrimoine associ\u00e9 \u00e0 l&#039;histoire de l\u2019industrie des ondes sonores","publisher":{"@id":"https:\/\/moeb.ca\/en\/#organization"},"potentialAction":[{"@type":"SearchAction","target":{"@type":"EntryPoint","urlTemplate":"https:\/\/moeb.ca\/en\/?s={search_term_string}"},"query-input":{"@type":"PropertyValueSpecification","valueRequired":true,"valueName":"search_term_string"}}],"inLanguage":"en-US"},{"@type":"Organization","@id":"https:\/\/moeb.ca\/en\/#organization","name":"Mus\u00e9e des Ondes Emile Berliner","url":"https:\/\/moeb.ca\/en\/","logo":{"@type":"ImageObject","inLanguage":"en-US","@id":"https:\/\/moeb.ca\/en\/#\/schema\/logo\/image\/","url":"https:\/\/moeb.ca\/wp-content\/uploads\/2020\/08\/moeb-logo.jpg","contentUrl":"https:\/\/moeb.ca\/wp-content\/uploads\/2020\/08\/moeb-logo.jpg","width":225,"height":120,"caption":"Mus\u00e9e des Ondes Emile Berliner"},"image":{"@id":"https:\/\/moeb.ca\/en\/#\/schema\/logo\/image\/"},"sameAs":["https:\/\/www.facebook.com\/Mus\u00e9e-des-ondes-Emile-Berliner-368583116562909\/"]}]}},"_links":{"self":[{"href":"https:\/\/moeb.ca\/en\/wp-json\/wp\/v2\/expositions\/1089","targetHints":{"allow":["GET"]}}],"collection":[{"href":"https:\/\/moeb.ca\/en\/wp-json\/wp\/v2\/expositions"}],"about":[{"href":"https:\/\/moeb.ca\/en\/wp-json\/wp\/v2\/types\/expositions"}],"wp:featuredmedia":[{"embeddable":true,"href":"https:\/\/moeb.ca\/en\/wp-json\/wp\/v2\/media\/1088"}],"wp:attachment":[{"href":"https:\/\/moeb.ca\/en\/wp-json\/wp\/v2\/media?parent=1089"}],"wp:term":[{"taxonomy":"category","embeddable":true,"href":"https:\/\/moeb.ca\/en\/wp-json\/wp\/v2\/categories?post=1089"}],"curies":[{"name":"wp","href":"https:\/\/api.w.org\/{rel}","templated":true}]}}

<p>Would you believe that a hundred years have come and gone since the day Emile Berliner, the inventor of the gramophone, opened the first Canadian recording studio on Peel Street in Montreal? The year was 1904 and very few people could have imagined at the time the full impact that this event would have on the world, as they knew it back then. The opening of this studio marked the beginning of an industrial adventure that revolutionized the world of communications and introduced music and sound recordings in every household in the country. We present this exhibition as a tribute to Berliner’s efforts and that of all of the individuals who followed in his footsteps &#8211; one hundred years of dedication and achievements in the field of sound recording.</p>
<p><strong>Pioneers and sound recording studios.</strong></p>
<p>At the heart of this adventure, we find sound recording pioneers, such as Berliner and his sons, Edgar and Herbert, A. Hugh Joseph, Jean-Marc Audet and many others. We also find many sound recording studios that have thrived in Montreal over the last century. These include H. S. Berliner’s Compo Studio, the RCA Victor Studio, Audet’s Studio Marko and others such as the Associated Screen News, Stereo sound, André Perry, Tempo and the National Film Board, to name but a few. Together, they have produced a considerable body of high quality recordings, helped along the careers of generations of artists, contributed to many technical developments and established Montreal as one of the sound recording industry’s most active capitals.</p>
<p><strong>A century of technological advances.</strong></p>
<p>Last, but not least, we also find in this adventure a string of remarkable technological advances, which lead the way to ever more refined sound recordings.</p>
<p>Following in the wake of Thomas Edison’s invention of the phonograph in 1877 and Berliner’s gramophone a decade later, these new steps include more efficient microphones, electrical recording, speakers and earphones, refined disk cutting technology, magnetic recording, stereophonic sound, Dolby noise reduction technology, digital recording, laser disk technology and many others.</p>
<p>Such advances are highlighted by the artefacts presented in this exhibition. They range from a 1910 Berliner gramophone to modern day computers and sophisticated studio equipment. Most forms of sound recording are acknowledged here, including those related to film production.</p>
<p>This exhibition received financial support from the &#8220;Entente sur le développement culturel de Montréal&#8221; (the Agreement on the cultural development of Montreal) reached between the City of Montreal and the &#8220;Ministère de la Culture et des Communications du Québec&#8221;.</p>

<!-- This site is optimized with the Yoast SEO plugin v27.4 - https://yoast.com/product/yoast-seo-wordpress/ -->
<title>Sound recording in Montreal, the first hundred years - Musée des ondes Emile Berliner</title>
<meta name="description" content="Sound recording in Montreal, the first hundred years" />
<meta name="robots" content="index, follow, max-snippet:-1, max-image-preview:large, max-video-preview:-1" />
<link rel="canonical" href="https://moeb.ca/en/exhibitions/sound-recording-in-montreal-the-first-hundred-years/" />
<meta property="og:locale" content="en_US" />
<meta property="og:type" content="article" />
<meta property="og:title" content="Sound recording in Montreal, the first hundred years - Musée des ondes Emile Berliner" />
<meta property="og:description" content="Sound recording in Montreal, the first hundred years" />
<meta property="og:url" content="https://moeb.ca/en/exhibitions/sound-recording-in-montreal-the-first-hundred-years/" />
<meta property="og:site_name" content="Musée des ondes Emile Berliner" />
<meta property="article:publisher" content="https://www.facebook.com/Mus%c3%a9e-des-ondes-Emile-Berliner-368583116562909/" />
<meta property="article:modified_time" content="2021-06-28T20:21:35+00:00" />
<meta property="og:image" content="https://moeb.ca/wp-content/uploads/2021/06/exposition-2004.jpg" />
	<meta property="og:image:width" content="425" />
	<meta property="og:image:height" content="424" />
	<meta property="og:image:type" content="image/jpeg" />
<meta name="twitter:card" content="summary_large_image" />
<meta name="twitter:label1" content="Est. reading time" />
	<meta name="twitter:data1" content="2 minutes" />
<script type="application/ld+json" class="yoast-schema-graph">{"@context":"https:\/\/schema.org","@graph":[{"@type":"WebPage","@id":"https:\/\/moeb.ca\/en\/exhibitions\/sound-recording-in-montreal-the-first-hundred-years\/","url":"https:\/\/moeb.ca\/en\/exhibitions\/sound-recording-in-montreal-the-first-hundred-years\/","name":"Sound recording in Montreal, the first hundred years - Musée des ondes Emile Berliner","isPartOf":{"@id":"https:\/\/moeb.ca\/en\/#website"},"primaryImageOfPage":{"@id":"https:\/\/moeb.ca\/en\/exhibitions\/sound-recording-in-montreal-the-first-hundred-years\/#primaryimage"},"image":{"@id":"https:\/\/moeb.ca\/en\/exhibitions\/sound-recording-in-montreal-the-first-hundred-years\/#primaryimage"},"thumbnailUrl":"https:\/\/moeb.ca\/wp-content\/uploads\/2021\/06\/exposition-2004.jpg","datePublished":"2005-12-28T21:09:02+00:00","dateModified":"2021-06-28T20:21:35+00:00","description":"Sound recording in Montreal, the first hundred years","breadcrumb":{"@id":"https:\/\/moeb.ca\/en\/exhibitions\/sound-recording-in-montreal-the-first-hundred-years\/#breadcrumb"},"inLanguage":"en-US","potentialAction":[{"@type":"ReadAction","target":["https:\/\/moeb.ca\/en\/exhibitions\/sound-recording-in-montreal-the-first-hundred-years\/"]}]},{"@type":"ImageObject","inLanguage":"en-US","@id":"https:\/\/moeb.ca\/en\/exhibitions\/sound-recording-in-montreal-the-first-hundred-years\/#primaryimage","url":"https:\/\/moeb.ca\/wp-content\/uploads\/2021\/06\/exposition-2004.jpg","contentUrl":"https:\/\/moeb.ca\/wp-content\/uploads\/2021\/06\/exposition-2004.jpg","width":425,"height":424,"caption":"Sound recording in Montreal, the first hundred years"},{"@type":"BreadcrumbList","@id":"https:\/\/moeb.ca\/en\/exhibitions\/sound-recording-in-montreal-the-first-hundred-years\/#breadcrumb","itemListElement":[{"@type":"ListItem","position":1,"name":"Home","item":"https:\/\/moeb.ca\/en\/"},{"@type":"ListItem","position":2,"name":"Exhibitions","item":"https:\/\/moeb.ca\/en\/exhibitions\/"},{"@type":"ListItem","position":3,"name":"Sound recording in Montreal, the first hundred years"}]},{"@type":"WebSite","@id":"https:\/\/moeb.ca\/en\/#website","url":"https:\/\/moeb.ca\/en\/","name":"Musée des ondes Emile Berliner","description":"Diffuser le patrimoine associé à l&#039;histoire de l’industrie des ondes sonores","publisher":{"@id":"https:\/\/moeb.ca\/en\/#organization"},"potentialAction":[{"@type":"SearchAction","target":{"@type":"EntryPoint","urlTemplate":"https:\/\/moeb.ca\/en\/?s={search_term_string}"},"query-input":{"@type":"PropertyValueSpecification","valueRequired":true,"valueName":"search_term_string"}}],"inLanguage":"en-US"},{"@type":"Organization","@id":"https:\/\/moeb.ca\/en\/#organization","name":"Musée des Ondes Emile Berliner","url":"https:\/\/moeb.ca\/en\/","logo":{"@type":"ImageObject","inLanguage":"en-US","@id":"https:\/\/moeb.ca\/en\/#\/schema\/logo\/image\/","url":"https:\/\/moeb.ca\/wp-content\/uploads\/2020\/08\/moeb-logo.jpg","contentUrl":"https:\/\/moeb.ca\/wp-content\/uploads\/2020\/08\/moeb-logo.jpg","width":225,"height":120,"caption":"Musée des Ondes Emile Berliner"},"image":{"@id":"https:\/\/moeb.ca\/en\/#\/schema\/logo\/image\/"},"sameAs":["https:\/\/www.facebook.com\/Musée-des-ondes-Emile-Berliner-368583116562909\/"]}]}</script>
<!-- / Yoast SEO plugin. -->

Sound recording in Montreal, the first hundred years - Musée des ondes Emile Berliner

Musée des ondes Emile Berliner

Diffuser le patrimoine associé à l&#039;histoire de l’industrie des ondes sonores

Musée des Ondes Emile Berliner

https://www.facebook.com/Musée-des-ondes-Emile-Berliner-368583116562909/
