{"id":1116,"date":"2004-08-29T08:45:38","date_gmt":"2004-08-29T12:45:38","guid":{"rendered":"https:\/\/moeb.ca\/expositions\/marconi\/"},"modified":"2004-08-29T08:45:38","modified_gmt":"2004-08-29T12:45:38","slug":"marconi","status":"publish","type":"expositions","link":"https:\/\/moeb.ca\/en\/exhibitions\/marconi\/","title":{"rendered":"Marconi"},"content":{"rendered":"<p>At the dawning of the 20th century, numerous inventors contributed to radically changing our world. One of these pioneers, Guglielmo Marconi, turned the world of communications upside down. His invention of the wireless telegraph made distances disappear. The Marconi name became synonymous with wireless communications the world over. It gave birth to a brotherhood of highly qualified technicians. The company, which bears his name, became an international network of companies. Moreover, especially important for Montrealers; it was one of the first high technology enterprises to be established in our region.<\/p>\n<p>The Mus\u00e9e des ondes Emile Berliner will present an exhibition dedicated to the inventor of wireless telegraphy, Guglielmo Marconi and the Montreal company that bears his name, the Canadian Marconi Company.<\/p>\n<p>You will discover how the transmissions of the distress signals from the Titanic changed the world of telecommunications forever. You will also be interested to learn that first radio station in the world to broadcast programming was XWA, which later changed its call letters to CFCF. Propriety of Marconi, CFCF began broadcasting programmes from their studio in the Marconi factory on William Street, in the southwest part of Montreal.  As well, the exhibition will have on display, a number of radios, televisions and promotional objects from Marconi Company primarily from the collection of the Mus\u00e9e des ondes Emile Berliner. The exhibition includes a variety of radios from the years 1920 to 1970, each one as captivating as the next.<\/p>\n<p>The Marconi exhibition received financial support from the Entente sur the d\u00e9veloppement culturel de Montr\u00e9al (the Agreement on the cultural development of Montreal) reached between the City of Montreal and the Minist\u00e8re de la Culture and des Communications du Qu\u00e9bec (the Ministry of Culture and Communications of Quebec).<\/p>\n<p>The museum also wishes to extend its thanks to Imperial Tobacco Limited for its continued support.<\/p>\n<p style=\"text-align: center;\"><img decoding=\"async\" class=\"size-full wp-image-1110 alignnone\" src=\"https:\/\/moeb.ca\/wp-content\/uploads\/2004\/08\/expo010.jpg\" alt=\"Image 1\" width=\"197\" height=\"197\" srcset=\"https:\/\/moeb.ca\/wp-content\/uploads\/2004\/08\/expo010.jpg 197w, https:\/\/moeb.ca\/wp-content\/uploads\/2004\/08\/expo010-150x150.jpg 150w, https:\/\/moeb.ca\/wp-content\/uploads\/2004\/08\/expo010-180x180.jpg 180w\" sizes=\"(max-width: 197px) 100vw, 197px\" \/> <img decoding=\"async\" class=\"size-full wp-image-1112 alignnone\" src=\"https:\/\/moeb.ca\/wp-content\/uploads\/2004\/08\/expo010-05.jpg\" alt=\"Image 2\" width=\"197\" height=\"197\" srcset=\"https:\/\/moeb.ca\/wp-content\/uploads\/2004\/08\/expo010-05.jpg 197w, https:\/\/moeb.ca\/wp-content\/uploads\/2004\/08\/expo010-05-150x150.jpg 150w, https:\/\/moeb.ca\/wp-content\/uploads\/2004\/08\/expo010-05-180x180.jpg 180w\" sizes=\"(max-width: 197px) 100vw, 197px\" \/> <img decoding=\"async\" class=\"size-full wp-image-1114 alignnone\" src=\"https:\/\/moeb.ca\/wp-content\/uploads\/2004\/08\/expo010-06.jpg\" alt=\"Image 3\" width=\"197\" height=\"197\" srcset=\"https:\/\/moeb.ca\/wp-content\/uploads\/2004\/08\/expo010-06.jpg 197w, https:\/\/moeb.ca\/wp-content\/uploads\/2004\/08\/expo010-06-150x150.jpg 150w, https:\/\/moeb.ca\/wp-content\/uploads\/2004\/08\/expo010-06-180x180.jpg 180w\" sizes=\"(max-width: 197px) 100vw, 197px\" \/><\/p>\n","protected":false},"excerpt":{"rendered":"<p>At the dawning of the 20th century, numerous inventors contributed to radically changing our world. One of these pioneers, Guglielmo Marconi, turned the world of communications upside down. His invention of the wireless telegraph made distances disappear. The Marconi name became synonymous with wireless communications the world over. It gave birth to a brotherhood of [&hellip;]<\/p>\n","protected":false},"featured_media":1108,"template":"","meta":{"_acf_changed":false,"_genesis_hide_title":false,"_genesis_hide_breadcrumbs":false,"_genesis_hide_singular_image":false,"_genesis_hide_footer_widgets":false,"_genesis_custom_body_class":"","_genesis_custom_post_class":"","_genesis_layout":"","ngg_post_thumbnail":0},"categories":[],"class_list":{"0":"post-1116","1":"expositions","2":"type-expositions","3":"status-publish","4":"has-post-thumbnail","6":"entry"},"acf":[],"yoast_head":"<!-- This site is optimized with the Yoast SEO plugin v27.4 - https:\/\/yoast.com\/product\/yoast-seo-wordpress\/ -->\n<title>Marconi - Mus\u00e9e des ondes Emile Berliner<\/title>\n<meta name=\"description\" content=\"Marconi\" \/>\n<meta name=\"robots\" content=\"index, follow, max-snippet:-1, max-image-preview:large, max-video-preview:-1\" \/>\n<link rel=\"canonical\" href=\"https:\/\/moeb.ca\/en\/exhibitions\/marconi\/\" \/>\n<meta property=\"og:locale\" content=\"en_US\" \/>\n<meta property=\"og:type\" content=\"article\" \/>\n<meta property=\"og:title\" content=\"Marconi - Mus\u00e9e des ondes Emile Berliner\" \/>\n<meta property=\"og:description\" content=\"Marconi\" \/>\n<meta property=\"og:url\" content=\"https:\/\/moeb.ca\/en\/exhibitions\/marconi\/\" \/>\n<meta property=\"og:site_name\" content=\"Mus\u00e9e des ondes Emile Berliner\" \/>\n<meta property=\"article:publisher\" content=\"https:\/\/www.facebook.com\/Mus%c3%a9e-des-ondes-Emile-Berliner-368583116562909\/\" \/>\n<meta property=\"og:image\" content=\"https:\/\/moeb.ca\/wp-content\/uploads\/2021\/06\/exposition-marconi.jpg\" \/>\n\t<meta property=\"og:image:width\" content=\"425\" \/>\n\t<meta property=\"og:image:height\" content=\"424\" \/>\n\t<meta property=\"og:image:type\" content=\"image\/jpeg\" \/>\n<meta name=\"twitter:card\" content=\"summary_large_image\" \/>\n<meta name=\"twitter:label1\" content=\"Est. reading time\" \/>\n\t<meta name=\"twitter:data1\" content=\"2 minutes\" \/>\n<script type=\"application\/ld+json\" class=\"yoast-schema-graph\">{\"@context\":\"https:\\\/\\\/schema.org\",\"@graph\":[{\"@type\":\"WebPage\",\"@id\":\"https:\\\/\\\/moeb.ca\\\/en\\\/exhibitions\\\/marconi\\\/\",\"url\":\"https:\\\/\\\/moeb.ca\\\/en\\\/exhibitions\\\/marconi\\\/\",\"name\":\"Marconi - Mus\u00e9e des ondes Emile Berliner\",\"isPartOf\":{\"@id\":\"https:\\\/\\\/moeb.ca\\\/en\\\/#website\"},\"primaryImageOfPage\":{\"@id\":\"https:\\\/\\\/moeb.ca\\\/en\\\/exhibitions\\\/marconi\\\/#primaryimage\"},\"image\":{\"@id\":\"https:\\\/\\\/moeb.ca\\\/en\\\/exhibitions\\\/marconi\\\/#primaryimage\"},\"thumbnailUrl\":\"https:\\\/\\\/moeb.ca\\\/wp-content\\\/uploads\\\/2021\\\/06\\\/exposition-marconi.jpg\",\"datePublished\":\"2004-08-29T12:45:38+00:00\",\"description\":\"Marconi\",\"breadcrumb\":{\"@id\":\"https:\\\/\\\/moeb.ca\\\/en\\\/exhibitions\\\/marconi\\\/#breadcrumb\"},\"inLanguage\":\"en-US\",\"potentialAction\":[{\"@type\":\"ReadAction\",\"target\":[\"https:\\\/\\\/moeb.ca\\\/en\\\/exhibitions\\\/marconi\\\/\"]}]},{\"@type\":\"ImageObject\",\"inLanguage\":\"en-US\",\"@id\":\"https:\\\/\\\/moeb.ca\\\/en\\\/exhibitions\\\/marconi\\\/#primaryimage\",\"url\":\"https:\\\/\\\/moeb.ca\\\/wp-content\\\/uploads\\\/2021\\\/06\\\/exposition-marconi.jpg\",\"contentUrl\":\"https:\\\/\\\/moeb.ca\\\/wp-content\\\/uploads\\\/2021\\\/06\\\/exposition-marconi.jpg\",\"width\":425,\"height\":424,\"caption\":\"Exposition Marconi 2003-2004\"},{\"@type\":\"BreadcrumbList\",\"@id\":\"https:\\\/\\\/moeb.ca\\\/en\\\/exhibitions\\\/marconi\\\/#breadcrumb\",\"itemListElement\":[{\"@type\":\"ListItem\",\"position\":1,\"name\":\"Home\",\"item\":\"https:\\\/\\\/moeb.ca\\\/en\\\/\"},{\"@type\":\"ListItem\",\"position\":2,\"name\":\"Exhibitions\",\"item\":\"https:\\\/\\\/moeb.ca\\\/en\\\/exhibitions\\\/\"},{\"@type\":\"ListItem\",\"position\":3,\"name\":\"Marconi\"}]},{\"@type\":\"WebSite\",\"@id\":\"https:\\\/\\\/moeb.ca\\\/en\\\/#website\",\"url\":\"https:\\\/\\\/moeb.ca\\\/en\\\/\",\"name\":\"Mus\u00e9e des ondes Emile Berliner\",\"description\":\"Diffuser le patrimoine associ\u00e9 \u00e0 l&#039;histoire de l\u2019industrie des ondes sonores\",\"publisher\":{\"@id\":\"https:\\\/\\\/moeb.ca\\\/en\\\/#organization\"},\"potentialAction\":[{\"@type\":\"SearchAction\",\"target\":{\"@type\":\"EntryPoint\",\"urlTemplate\":\"https:\\\/\\\/moeb.ca\\\/en\\\/?s={search_term_string}\"},\"query-input\":{\"@type\":\"PropertyValueSpecification\",\"valueRequired\":true,\"valueName\":\"search_term_string\"}}],\"inLanguage\":\"en-US\"},{\"@type\":\"Organization\",\"@id\":\"https:\\\/\\\/moeb.ca\\\/en\\\/#organization\",\"name\":\"Mus\u00e9e des Ondes Emile Berliner\",\"url\":\"https:\\\/\\\/moeb.ca\\\/en\\\/\",\"logo\":{\"@type\":\"ImageObject\",\"inLanguage\":\"en-US\",\"@id\":\"https:\\\/\\\/moeb.ca\\\/en\\\/#\\\/schema\\\/logo\\\/image\\\/\",\"url\":\"https:\\\/\\\/moeb.ca\\\/wp-content\\\/uploads\\\/2020\\\/08\\\/moeb-logo.jpg\",\"contentUrl\":\"https:\\\/\\\/moeb.ca\\\/wp-content\\\/uploads\\\/2020\\\/08\\\/moeb-logo.jpg\",\"width\":225,\"height\":120,\"caption\":\"Mus\u00e9e des Ondes Emile Berliner\"},\"image\":{\"@id\":\"https:\\\/\\\/moeb.ca\\\/en\\\/#\\\/schema\\\/logo\\\/image\\\/\"},\"sameAs\":[\"https:\\\/\\\/www.facebook.com\\\/Mus\u00e9e-des-ondes-Emile-Berliner-368583116562909\\\/\"]}]}<\/script>\n<!-- \/ Yoast SEO plugin. -->","yoast_head_json":{"title":"Marconi - Mus\u00e9e des ondes Emile Berliner","description":"Marconi","robots":{"index":"index","follow":"follow","max-snippet":"max-snippet:-1","max-image-preview":"max-image-preview:large","max-video-preview":"max-video-preview:-1"},"canonical":"https:\/\/moeb.ca\/en\/exhibitions\/marconi\/","og_locale":"en_US","og_type":"article","og_title":"Marconi - Mus\u00e9e des ondes Emile Berliner","og_description":"Marconi","og_url":"https:\/\/moeb.ca\/en\/exhibitions\/marconi\/","og_site_name":"Mus\u00e9e des ondes Emile Berliner","article_publisher":"https:\/\/www.facebook.com\/Mus%c3%a9e-des-ondes-Emile-Berliner-368583116562909\/","og_image":[{"width":425,"height":424,"url":"https:\/\/moeb.ca\/wp-content\/uploads\/2021\/06\/exposition-marconi.jpg","type":"image\/jpeg"}],"twitter_card":"summary_large_image","twitter_misc":{"Est. reading time":"2 minutes"},"schema":{"@context":"https:\/\/schema.org","@graph":[{"@type":"WebPage","@id":"https:\/\/moeb.ca\/en\/exhibitions\/marconi\/","url":"https:\/\/moeb.ca\/en\/exhibitions\/marconi\/","name":"Marconi - Mus\u00e9e des ondes Emile Berliner","isPartOf":{"@id":"https:\/\/moeb.ca\/en\/#website"},"primaryImageOfPage":{"@id":"https:\/\/moeb.ca\/en\/exhibitions\/marconi\/#primaryimage"},"image":{"@id":"https:\/\/moeb.ca\/en\/exhibitions\/marconi\/#primaryimage"},"thumbnailUrl":"https:\/\/moeb.ca\/wp-content\/uploads\/2021\/06\/exposition-marconi.jpg","datePublished":"2004-08-29T12:45:38+00:00","description":"Marconi","breadcrumb":{"@id":"https:\/\/moeb.ca\/en\/exhibitions\/marconi\/#breadcrumb"},"inLanguage":"en-US","potentialAction":[{"@type":"ReadAction","target":["https:\/\/moeb.ca\/en\/exhibitions\/marconi\/"]}]},{"@type":"ImageObject","inLanguage":"en-US","@id":"https:\/\/moeb.ca\/en\/exhibitions\/marconi\/#primaryimage","url":"https:\/\/moeb.ca\/wp-content\/uploads\/2021\/06\/exposition-marconi.jpg","contentUrl":"https:\/\/moeb.ca\/wp-content\/uploads\/2021\/06\/exposition-marconi.jpg","width":425,"height":424,"caption":"Exposition Marconi 2003-2004"},{"@type":"BreadcrumbList","@id":"https:\/\/moeb.ca\/en\/exhibitions\/marconi\/#breadcrumb","itemListElement":[{"@type":"ListItem","position":1,"name":"Home","item":"https:\/\/moeb.ca\/en\/"},{"@type":"ListItem","position":2,"name":"Exhibitions","item":"https:\/\/moeb.ca\/en\/exhibitions\/"},{"@type":"ListItem","position":3,"name":"Marconi"}]},{"@type":"WebSite","@id":"https:\/\/moeb.ca\/en\/#website","url":"https:\/\/moeb.ca\/en\/","name":"Mus\u00e9e des ondes Emile Berliner","description":"Diffuser le patrimoine associ\u00e9 \u00e0 l&#039;histoire de l\u2019industrie des ondes sonores","publisher":{"@id":"https:\/\/moeb.ca\/en\/#organization"},"potentialAction":[{"@type":"SearchAction","target":{"@type":"EntryPoint","urlTemplate":"https:\/\/moeb.ca\/en\/?s={search_term_string}"},"query-input":{"@type":"PropertyValueSpecification","valueRequired":true,"valueName":"search_term_string"}}],"inLanguage":"en-US"},{"@type":"Organization","@id":"https:\/\/moeb.ca\/en\/#organization","name":"Mus\u00e9e des Ondes Emile Berliner","url":"https:\/\/moeb.ca\/en\/","logo":{"@type":"ImageObject","inLanguage":"en-US","@id":"https:\/\/moeb.ca\/en\/#\/schema\/logo\/image\/","url":"https:\/\/moeb.ca\/wp-content\/uploads\/2020\/08\/moeb-logo.jpg","contentUrl":"https:\/\/moeb.ca\/wp-content\/uploads\/2020\/08\/moeb-logo.jpg","width":225,"height":120,"caption":"Mus\u00e9e des Ondes Emile Berliner"},"image":{"@id":"https:\/\/moeb.ca\/en\/#\/schema\/logo\/image\/"},"sameAs":["https:\/\/www.facebook.com\/Mus\u00e9e-des-ondes-Emile-Berliner-368583116562909\/"]}]}},"_links":{"self":[{"href":"https:\/\/moeb.ca\/en\/wp-json\/wp\/v2\/expositions\/1116","targetHints":{"allow":["GET"]}}],"collection":[{"href":"https:\/\/moeb.ca\/en\/wp-json\/wp\/v2\/expositions"}],"about":[{"href":"https:\/\/moeb.ca\/en\/wp-json\/wp\/v2\/types\/expositions"}],"wp:featuredmedia":[{"embeddable":true,"href":"https:\/\/moeb.ca\/en\/wp-json\/wp\/v2\/media\/1108"}],"wp:attachment":[{"href":"https:\/\/moeb.ca\/en\/wp-json\/wp\/v2\/media?parent=1116"}],"wp:term":[{"taxonomy":"category","embeddable":true,"href":"https:\/\/moeb.ca\/en\/wp-json\/wp\/v2\/categories?post=1116"}],"curies":[{"name":"wp","href":"https:\/\/api.w.org\/{rel}","templated":true}]}}

<p>At the dawning of the 20th century, numerous inventors contributed to radically changing our world. One of these pioneers, Guglielmo Marconi, turned the world of communications upside down. His invention of the wireless telegraph made distances disappear. The Marconi name became synonymous with wireless communications the world over. It gave birth to a brotherhood of highly qualified technicians. The company, which bears his name, became an international network of companies. Moreover, especially important for Montrealers; it was one of the first high technology enterprises to be established in our region.</p>
<p>The Musée des ondes Emile Berliner will present an exhibition dedicated to the inventor of wireless telegraphy, Guglielmo Marconi and the Montreal company that bears his name, the Canadian Marconi Company.</p>
<p>You will discover how the transmissions of the distress signals from the Titanic changed the world of telecommunications forever. You will also be interested to learn that first radio station in the world to broadcast programming was XWA, which later changed its call letters to CFCF. Propriety of Marconi, CFCF began broadcasting programmes from their studio in the Marconi factory on William Street, in the southwest part of Montreal.  As well, the exhibition will have on display, a number of radios, televisions and promotional objects from Marconi Company primarily from the collection of the Musée des ondes Emile Berliner. The exhibition includes a variety of radios from the years 1920 to 1970, each one as captivating as the next.</p>
<p>The Marconi exhibition received financial support from the Entente sur the développement culturel de Montréal (the Agreement on the cultural development of Montreal) reached between the City of Montreal and the Ministère de la Culture and des Communications du Québec (the Ministry of Culture and Communications of Quebec).</p>
<p>The museum also wishes to extend its thanks to Imperial Tobacco Limited for its continued support.</p>
<p style="text-align: center;"><img decoding="async" class="size-full wp-image-1110 alignnone" src="https://moeb.ca/wp-content/uploads/2004/08/expo010.jpg" alt="Image 1" width="197" height="197" srcset="https://moeb.ca/wp-content/uploads/2004/08/expo010.jpg 197w, https://moeb.ca/wp-content/uploads/2004/08/expo010-150x150.jpg 150w, https://moeb.ca/wp-content/uploads/2004/08/expo010-180x180.jpg 180w" sizes="(max-width: 197px) 100vw, 197px" /> <img decoding="async" class="size-full wp-image-1112 alignnone" src="https://moeb.ca/wp-content/uploads/2004/08/expo010-05.jpg" alt="Image 2" width="197" height="197" srcset="https://moeb.ca/wp-content/uploads/2004/08/expo010-05.jpg 197w, https://moeb.ca/wp-content/uploads/2004/08/expo010-05-150x150.jpg 150w, https://moeb.ca/wp-content/uploads/2004/08/expo010-05-180x180.jpg 180w" sizes="(max-width: 197px) 100vw, 197px" /> <img decoding="async" class="size-full wp-image-1114 alignnone" src="https://moeb.ca/wp-content/uploads/2004/08/expo010-06.jpg" alt="Image 3" width="197" height="197" srcset="https://moeb.ca/wp-content/uploads/2004/08/expo010-06.jpg 197w, https://moeb.ca/wp-content/uploads/2004/08/expo010-06-150x150.jpg 150w, https://moeb.ca/wp-content/uploads/2004/08/expo010-06-180x180.jpg 180w" sizes="(max-width: 197px) 100vw, 197px" /></p>

<!-- This site is optimized with the Yoast SEO plugin v27.4 - https://yoast.com/product/yoast-seo-wordpress/ -->
<title>Marconi - Musée des ondes Emile Berliner</title>
<meta name="description" content="Marconi" />
<meta name="robots" content="index, follow, max-snippet:-1, max-image-preview:large, max-video-preview:-1" />
<link rel="canonical" href="https://moeb.ca/en/exhibitions/marconi/" />
<meta property="og:locale" content="en_US" />
<meta property="og:type" content="article" />
<meta property="og:title" content="Marconi - Musée des ondes Emile Berliner" />
<meta property="og:description" content="Marconi" />
<meta property="og:url" content="https://moeb.ca/en/exhibitions/marconi/" />
<meta property="og:site_name" content="Musée des ondes Emile Berliner" />
<meta property="article:publisher" content="https://www.facebook.com/Mus%c3%a9e-des-ondes-Emile-Berliner-368583116562909/" />
<meta property="og:image" content="https://moeb.ca/wp-content/uploads/2021/06/exposition-marconi.jpg" />
	<meta property="og:image:width" content="425" />
	<meta property="og:image:height" content="424" />
	<meta property="og:image:type" content="image/jpeg" />
<meta name="twitter:card" content="summary_large_image" />
<meta name="twitter:label1" content="Est. reading time" />
	<meta name="twitter:data1" content="2 minutes" />
<script type="application/ld+json" class="yoast-schema-graph">{"@context":"https:\/\/schema.org","@graph":[{"@type":"WebPage","@id":"https:\/\/moeb.ca\/en\/exhibitions\/marconi\/","url":"https:\/\/moeb.ca\/en\/exhibitions\/marconi\/","name":"Marconi - Musée des ondes Emile Berliner","isPartOf":{"@id":"https:\/\/moeb.ca\/en\/#website"},"primaryImageOfPage":{"@id":"https:\/\/moeb.ca\/en\/exhibitions\/marconi\/#primaryimage"},"image":{"@id":"https:\/\/moeb.ca\/en\/exhibitions\/marconi\/#primaryimage"},"thumbnailUrl":"https:\/\/moeb.ca\/wp-content\/uploads\/2021\/06\/exposition-marconi.jpg","datePublished":"2004-08-29T12:45:38+00:00","description":"Marconi","breadcrumb":{"@id":"https:\/\/moeb.ca\/en\/exhibitions\/marconi\/#breadcrumb"},"inLanguage":"en-US","potentialAction":[{"@type":"ReadAction","target":["https:\/\/moeb.ca\/en\/exhibitions\/marconi\/"]}]},{"@type":"ImageObject","inLanguage":"en-US","@id":"https:\/\/moeb.ca\/en\/exhibitions\/marconi\/#primaryimage","url":"https:\/\/moeb.ca\/wp-content\/uploads\/2021\/06\/exposition-marconi.jpg","contentUrl":"https:\/\/moeb.ca\/wp-content\/uploads\/2021\/06\/exposition-marconi.jpg","width":425,"height":424,"caption":"Exposition Marconi 2003-2004"},{"@type":"BreadcrumbList","@id":"https:\/\/moeb.ca\/en\/exhibitions\/marconi\/#breadcrumb","itemListElement":[{"@type":"ListItem","position":1,"name":"Home","item":"https:\/\/moeb.ca\/en\/"},{"@type":"ListItem","position":2,"name":"Exhibitions","item":"https:\/\/moeb.ca\/en\/exhibitions\/"},{"@type":"ListItem","position":3,"name":"Marconi"}]},{"@type":"WebSite","@id":"https:\/\/moeb.ca\/en\/#website","url":"https:\/\/moeb.ca\/en\/","name":"Musée des ondes Emile Berliner","description":"Diffuser le patrimoine associé à l&#039;histoire de l’industrie des ondes sonores","publisher":{"@id":"https:\/\/moeb.ca\/en\/#organization"},"potentialAction":[{"@type":"SearchAction","target":{"@type":"EntryPoint","urlTemplate":"https:\/\/moeb.ca\/en\/?s={search_term_string}"},"query-input":{"@type":"PropertyValueSpecification","valueRequired":true,"valueName":"search_term_string"}}],"inLanguage":"en-US"},{"@type":"Organization","@id":"https:\/\/moeb.ca\/en\/#organization","name":"Musée des Ondes Emile Berliner","url":"https:\/\/moeb.ca\/en\/","logo":{"@type":"ImageObject","inLanguage":"en-US","@id":"https:\/\/moeb.ca\/en\/#\/schema\/logo\/image\/","url":"https:\/\/moeb.ca\/wp-content\/uploads\/2020\/08\/moeb-logo.jpg","contentUrl":"https:\/\/moeb.ca\/wp-content\/uploads\/2020\/08\/moeb-logo.jpg","width":225,"height":120,"caption":"Musée des Ondes Emile Berliner"},"image":{"@id":"https:\/\/moeb.ca\/en\/#\/schema\/logo\/image\/"},"sameAs":["https:\/\/www.facebook.com\/Musée-des-ondes-Emile-Berliner-368583116562909\/"]}]}</script>
<!-- / Yoast SEO plugin. -->

Marconi - Musée des ondes Emile Berliner

Musée des ondes Emile Berliner

Diffuser le patrimoine associé à l&#039;histoire de l’industrie des ondes sonores

Musée des Ondes Emile Berliner

https://www.facebook.com/Musée-des-ondes-Emile-Berliner-368583116562909/
