{"id":870,"date":"2021-04-23T13:29:13","date_gmt":"2021-04-23T17:29:13","guid":{"rendered":"https:\/\/devel.moeb.ca\/expositions\/disc-disque\/"},"modified":"2022-05-08T09:26:22","modified_gmt":"2022-05-08T13:26:22","slug":"disc-disque","status":"publish","type":"expositions","link":"https:\/\/moeb.ca\/en\/exhibitions\/disc-disque\/","title":{"rendered":"Disc \/ Disque"},"content":{"rendered":"<p><img decoding=\"async\" class=\" wp-image-1321 alignright\" src=\"https:\/\/moeb.ca\/wp-content\/uploads\/2021\/04\/disque-disc.jpg\" alt=\"Exposition disque\" width=\"311\" height=\"447\" srcset=\"https:\/\/moeb.ca\/wp-content\/uploads\/2021\/04\/disque-disc.jpg 417w, https:\/\/moeb.ca\/wp-content\/uploads\/2021\/04\/disque-disc-209x300.jpg 209w\" sizes=\"(max-width: 311px) 100vw, 311px\" \/> This exhibition retraced the history of the record, from its invention in 1887 until today. Also presented were other historical technological advances that made possible the reproduction of sound, such as Thomas Edison&#8217;s wax cylinder.<\/p>\n<p>The exhibition received financial support from the Montreal Heritage: Enhancing Neighborhoods program.<\/p>\n","protected":false},"excerpt":{"rendered":"<p>This exhibition retraced the history of the record, from its invention in 1887 until today. Also presented were other historical technological advances that made possible the reproduction of sound, such as Thomas Edison&#8217;s wax cylinder. The exhibition received financial support from the Montreal Heritage: Enhancing Neighborhoods program.<\/p>\n","protected":false},"featured_media":390,"template":"","meta":{"_acf_changed":false,"_genesis_hide_title":false,"_genesis_hide_breadcrumbs":false,"_genesis_hide_singular_image":false,"_genesis_hide_footer_widgets":false,"_genesis_custom_body_class":"","_genesis_custom_post_class":"","_genesis_layout":"","ngg_post_thumbnail":0},"categories":[],"class_list":{"0":"post-870","1":"expositions","2":"type-expositions","3":"status-publish","4":"has-post-thumbnail","6":"entry"},"acf":[],"yoast_head":"<!-- This site is optimized with the Yoast SEO plugin v27.4 - https:\/\/yoast.com\/product\/yoast-seo-wordpress\/ -->\n<title>Disc \/ Disque - Mus\u00e9e des ondes Emile Berliner<\/title>\n<meta name=\"description\" content=\"Disc \/ Disque\" \/>\n<meta name=\"robots\" content=\"index, follow, max-snippet:-1, max-image-preview:large, max-video-preview:-1\" \/>\n<link rel=\"canonical\" href=\"https:\/\/moeb.ca\/en\/exhibitions\/disc-disque\/\" \/>\n<meta property=\"og:locale\" content=\"en_US\" \/>\n<meta property=\"og:type\" content=\"article\" \/>\n<meta property=\"og:title\" content=\"Disc \/ Disque - Mus\u00e9e des ondes Emile Berliner\" \/>\n<meta property=\"og:description\" content=\"Disc \/ Disque\" \/>\n<meta property=\"og:url\" content=\"https:\/\/moeb.ca\/en\/exhibitions\/disc-disque\/\" \/>\n<meta property=\"og:site_name\" content=\"Mus\u00e9e des ondes Emile Berliner\" \/>\n<meta property=\"article:publisher\" content=\"https:\/\/www.facebook.com\/Mus%c3%a9e-des-ondes-Emile-Berliner-368583116562909\/\" \/>\n<meta property=\"article:modified_time\" content=\"2022-05-08T13:26:22+00:00\" \/>\n<meta property=\"og:image\" content=\"https:\/\/moeb.ca\/wp-content\/uploads\/2020\/12\/exposition-disque-disc.jpg\" \/>\n\t<meta property=\"og:image:width\" content=\"350\" \/>\n\t<meta property=\"og:image:height\" content=\"165\" \/>\n\t<meta property=\"og:image:type\" content=\"image\/jpeg\" \/>\n<meta name=\"twitter:card\" content=\"summary_large_image\" \/>\n<script type=\"application\/ld+json\" class=\"yoast-schema-graph\">{\"@context\":\"https:\\\/\\\/schema.org\",\"@graph\":[{\"@type\":\"WebPage\",\"@id\":\"https:\\\/\\\/moeb.ca\\\/en\\\/exhibitions\\\/disc-disque\\\/\",\"url\":\"https:\\\/\\\/moeb.ca\\\/en\\\/exhibitions\\\/disc-disque\\\/\",\"name\":\"Disc \\\/ Disque - Mus\u00e9e des ondes Emile Berliner\",\"isPartOf\":{\"@id\":\"https:\\\/\\\/moeb.ca\\\/en\\\/#website\"},\"primaryImageOfPage\":{\"@id\":\"https:\\\/\\\/moeb.ca\\\/en\\\/exhibitions\\\/disc-disque\\\/#primaryimage\"},\"image\":{\"@id\":\"https:\\\/\\\/moeb.ca\\\/en\\\/exhibitions\\\/disc-disque\\\/#primaryimage\"},\"thumbnailUrl\":\"https:\\\/\\\/moeb.ca\\\/wp-content\\\/uploads\\\/2020\\\/12\\\/exposition-disque-disc.jpg\",\"datePublished\":\"2021-04-23T17:29:13+00:00\",\"dateModified\":\"2022-05-08T13:26:22+00:00\",\"description\":\"Disc \\\/ Disque\",\"breadcrumb\":{\"@id\":\"https:\\\/\\\/moeb.ca\\\/en\\\/exhibitions\\\/disc-disque\\\/#breadcrumb\"},\"inLanguage\":\"en-US\",\"potentialAction\":[{\"@type\":\"ReadAction\",\"target\":[\"https:\\\/\\\/moeb.ca\\\/en\\\/exhibitions\\\/disc-disque\\\/\"]}]},{\"@type\":\"ImageObject\",\"inLanguage\":\"en-US\",\"@id\":\"https:\\\/\\\/moeb.ca\\\/en\\\/exhibitions\\\/disc-disque\\\/#primaryimage\",\"url\":\"https:\\\/\\\/moeb.ca\\\/wp-content\\\/uploads\\\/2020\\\/12\\\/exposition-disque-disc.jpg\",\"contentUrl\":\"https:\\\/\\\/moeb.ca\\\/wp-content\\\/uploads\\\/2020\\\/12\\\/exposition-disque-disc.jpg\",\"width\":350,\"height\":165,\"caption\":\"Disc Exhibition\"},{\"@type\":\"BreadcrumbList\",\"@id\":\"https:\\\/\\\/moeb.ca\\\/en\\\/exhibitions\\\/disc-disque\\\/#breadcrumb\",\"itemListElement\":[{\"@type\":\"ListItem\",\"position\":1,\"name\":\"Home\",\"item\":\"https:\\\/\\\/moeb.ca\\\/en\\\/\"},{\"@type\":\"ListItem\",\"position\":2,\"name\":\"Exhibitions\",\"item\":\"https:\\\/\\\/moeb.ca\\\/en\\\/exhibitions\\\/\"},{\"@type\":\"ListItem\",\"position\":3,\"name\":\"Disc \\\/ Disque\"}]},{\"@type\":\"WebSite\",\"@id\":\"https:\\\/\\\/moeb.ca\\\/en\\\/#website\",\"url\":\"https:\\\/\\\/moeb.ca\\\/en\\\/\",\"name\":\"Mus\u00e9e des ondes Emile Berliner\",\"description\":\"Diffuser le patrimoine associ\u00e9 \u00e0 l&#039;histoire de l\u2019industrie des ondes sonores\",\"publisher\":{\"@id\":\"https:\\\/\\\/moeb.ca\\\/en\\\/#organization\"},\"potentialAction\":[{\"@type\":\"SearchAction\",\"target\":{\"@type\":\"EntryPoint\",\"urlTemplate\":\"https:\\\/\\\/moeb.ca\\\/en\\\/?s={search_term_string}\"},\"query-input\":{\"@type\":\"PropertyValueSpecification\",\"valueRequired\":true,\"valueName\":\"search_term_string\"}}],\"inLanguage\":\"en-US\"},{\"@type\":\"Organization\",\"@id\":\"https:\\\/\\\/moeb.ca\\\/en\\\/#organization\",\"name\":\"Mus\u00e9e des Ondes Emile Berliner\",\"url\":\"https:\\\/\\\/moeb.ca\\\/en\\\/\",\"logo\":{\"@type\":\"ImageObject\",\"inLanguage\":\"en-US\",\"@id\":\"https:\\\/\\\/moeb.ca\\\/en\\\/#\\\/schema\\\/logo\\\/image\\\/\",\"url\":\"https:\\\/\\\/moeb.ca\\\/wp-content\\\/uploads\\\/2020\\\/08\\\/moeb-logo.jpg\",\"contentUrl\":\"https:\\\/\\\/moeb.ca\\\/wp-content\\\/uploads\\\/2020\\\/08\\\/moeb-logo.jpg\",\"width\":225,\"height\":120,\"caption\":\"Mus\u00e9e des Ondes Emile Berliner\"},\"image\":{\"@id\":\"https:\\\/\\\/moeb.ca\\\/en\\\/#\\\/schema\\\/logo\\\/image\\\/\"},\"sameAs\":[\"https:\\\/\\\/www.facebook.com\\\/Mus\u00e9e-des-ondes-Emile-Berliner-368583116562909\\\/\"]}]}<\/script>\n<!-- \/ Yoast SEO plugin. -->","yoast_head_json":{"title":"Disc \/ Disque - Mus\u00e9e des ondes Emile Berliner","description":"Disc \/ Disque","robots":{"index":"index","follow":"follow","max-snippet":"max-snippet:-1","max-image-preview":"max-image-preview:large","max-video-preview":"max-video-preview:-1"},"canonical":"https:\/\/moeb.ca\/en\/exhibitions\/disc-disque\/","og_locale":"en_US","og_type":"article","og_title":"Disc \/ Disque - Mus\u00e9e des ondes Emile Berliner","og_description":"Disc \/ Disque","og_url":"https:\/\/moeb.ca\/en\/exhibitions\/disc-disque\/","og_site_name":"Mus\u00e9e des ondes Emile Berliner","article_publisher":"https:\/\/www.facebook.com\/Mus%c3%a9e-des-ondes-Emile-Berliner-368583116562909\/","article_modified_time":"2022-05-08T13:26:22+00:00","og_image":[{"width":350,"height":165,"url":"https:\/\/moeb.ca\/wp-content\/uploads\/2020\/12\/exposition-disque-disc.jpg","type":"image\/jpeg"}],"twitter_card":"summary_large_image","schema":{"@context":"https:\/\/schema.org","@graph":[{"@type":"WebPage","@id":"https:\/\/moeb.ca\/en\/exhibitions\/disc-disque\/","url":"https:\/\/moeb.ca\/en\/exhibitions\/disc-disque\/","name":"Disc \/ Disque - Mus\u00e9e des ondes Emile Berliner","isPartOf":{"@id":"https:\/\/moeb.ca\/en\/#website"},"primaryImageOfPage":{"@id":"https:\/\/moeb.ca\/en\/exhibitions\/disc-disque\/#primaryimage"},"image":{"@id":"https:\/\/moeb.ca\/en\/exhibitions\/disc-disque\/#primaryimage"},"thumbnailUrl":"https:\/\/moeb.ca\/wp-content\/uploads\/2020\/12\/exposition-disque-disc.jpg","datePublished":"2021-04-23T17:29:13+00:00","dateModified":"2022-05-08T13:26:22+00:00","description":"Disc \/ Disque","breadcrumb":{"@id":"https:\/\/moeb.ca\/en\/exhibitions\/disc-disque\/#breadcrumb"},"inLanguage":"en-US","potentialAction":[{"@type":"ReadAction","target":["https:\/\/moeb.ca\/en\/exhibitions\/disc-disque\/"]}]},{"@type":"ImageObject","inLanguage":"en-US","@id":"https:\/\/moeb.ca\/en\/exhibitions\/disc-disque\/#primaryimage","url":"https:\/\/moeb.ca\/wp-content\/uploads\/2020\/12\/exposition-disque-disc.jpg","contentUrl":"https:\/\/moeb.ca\/wp-content\/uploads\/2020\/12\/exposition-disque-disc.jpg","width":350,"height":165,"caption":"Disc Exhibition"},{"@type":"BreadcrumbList","@id":"https:\/\/moeb.ca\/en\/exhibitions\/disc-disque\/#breadcrumb","itemListElement":[{"@type":"ListItem","position":1,"name":"Home","item":"https:\/\/moeb.ca\/en\/"},{"@type":"ListItem","position":2,"name":"Exhibitions","item":"https:\/\/moeb.ca\/en\/exhibitions\/"},{"@type":"ListItem","position":3,"name":"Disc \/ Disque"}]},{"@type":"WebSite","@id":"https:\/\/moeb.ca\/en\/#website","url":"https:\/\/moeb.ca\/en\/","name":"Mus\u00e9e des ondes Emile Berliner","description":"Diffuser le patrimoine associ\u00e9 \u00e0 l&#039;histoire de l\u2019industrie des ondes sonores","publisher":{"@id":"https:\/\/moeb.ca\/en\/#organization"},"potentialAction":[{"@type":"SearchAction","target":{"@type":"EntryPoint","urlTemplate":"https:\/\/moeb.ca\/en\/?s={search_term_string}"},"query-input":{"@type":"PropertyValueSpecification","valueRequired":true,"valueName":"search_term_string"}}],"inLanguage":"en-US"},{"@type":"Organization","@id":"https:\/\/moeb.ca\/en\/#organization","name":"Mus\u00e9e des Ondes Emile Berliner","url":"https:\/\/moeb.ca\/en\/","logo":{"@type":"ImageObject","inLanguage":"en-US","@id":"https:\/\/moeb.ca\/en\/#\/schema\/logo\/image\/","url":"https:\/\/moeb.ca\/wp-content\/uploads\/2020\/08\/moeb-logo.jpg","contentUrl":"https:\/\/moeb.ca\/wp-content\/uploads\/2020\/08\/moeb-logo.jpg","width":225,"height":120,"caption":"Mus\u00e9e des Ondes Emile Berliner"},"image":{"@id":"https:\/\/moeb.ca\/en\/#\/schema\/logo\/image\/"},"sameAs":["https:\/\/www.facebook.com\/Mus\u00e9e-des-ondes-Emile-Berliner-368583116562909\/"]}]}},"_links":{"self":[{"href":"https:\/\/moeb.ca\/en\/wp-json\/wp\/v2\/expositions\/870","targetHints":{"allow":["GET"]}}],"collection":[{"href":"https:\/\/moeb.ca\/en\/wp-json\/wp\/v2\/expositions"}],"about":[{"href":"https:\/\/moeb.ca\/en\/wp-json\/wp\/v2\/types\/expositions"}],"wp:featuredmedia":[{"embeddable":true,"href":"https:\/\/moeb.ca\/en\/wp-json\/wp\/v2\/media\/390"}],"wp:attachment":[{"href":"https:\/\/moeb.ca\/en\/wp-json\/wp\/v2\/media?parent=870"}],"wp:term":[{"taxonomy":"category","embeddable":true,"href":"https:\/\/moeb.ca\/en\/wp-json\/wp\/v2\/categories?post=870"}],"curies":[{"name":"wp","href":"https:\/\/api.w.org\/{rel}","templated":true}]}}

<!-- This site is optimized with the Yoast SEO plugin v27.4 - https://yoast.com/product/yoast-seo-wordpress/ -->
<title>Disc / Disque - Musée des ondes Emile Berliner</title>
<meta name="description" content="Disc / Disque" />
<meta name="robots" content="index, follow, max-snippet:-1, max-image-preview:large, max-video-preview:-1" />
<link rel="canonical" href="https://moeb.ca/en/exhibitions/disc-disque/" />
<meta property="og:locale" content="en_US" />
<meta property="og:type" content="article" />
<meta property="og:title" content="Disc / Disque - Musée des ondes Emile Berliner" />
<meta property="og:description" content="Disc / Disque" />
<meta property="og:url" content="https://moeb.ca/en/exhibitions/disc-disque/" />
<meta property="og:site_name" content="Musée des ondes Emile Berliner" />
<meta property="article:publisher" content="https://www.facebook.com/Mus%c3%a9e-des-ondes-Emile-Berliner-368583116562909/" />
<meta property="article:modified_time" content="2022-05-08T13:26:22+00:00" />
<meta property="og:image" content="https://moeb.ca/wp-content/uploads/2020/12/exposition-disque-disc.jpg" />
	<meta property="og:image:width" content="350" />
	<meta property="og:image:height" content="165" />
	<meta property="og:image:type" content="image/jpeg" />
<meta name="twitter:card" content="summary_large_image" />
<script type="application/ld+json" class="yoast-schema-graph">{"@context":"https:\/\/schema.org","@graph":[{"@type":"WebPage","@id":"https:\/\/moeb.ca\/en\/exhibitions\/disc-disque\/","url":"https:\/\/moeb.ca\/en\/exhibitions\/disc-disque\/","name":"Disc \/ Disque - Musée des ondes Emile Berliner","isPartOf":{"@id":"https:\/\/moeb.ca\/en\/#website"},"primaryImageOfPage":{"@id":"https:\/\/moeb.ca\/en\/exhibitions\/disc-disque\/#primaryimage"},"image":{"@id":"https:\/\/moeb.ca\/en\/exhibitions\/disc-disque\/#primaryimage"},"thumbnailUrl":"https:\/\/moeb.ca\/wp-content\/uploads\/2020\/12\/exposition-disque-disc.jpg","datePublished":"2021-04-23T17:29:13+00:00","dateModified":"2022-05-08T13:26:22+00:00","description":"Disc \/ Disque","breadcrumb":{"@id":"https:\/\/moeb.ca\/en\/exhibitions\/disc-disque\/#breadcrumb"},"inLanguage":"en-US","potentialAction":[{"@type":"ReadAction","target":["https:\/\/moeb.ca\/en\/exhibitions\/disc-disque\/"]}]},{"@type":"ImageObject","inLanguage":"en-US","@id":"https:\/\/moeb.ca\/en\/exhibitions\/disc-disque\/#primaryimage","url":"https:\/\/moeb.ca\/wp-content\/uploads\/2020\/12\/exposition-disque-disc.jpg","contentUrl":"https:\/\/moeb.ca\/wp-content\/uploads\/2020\/12\/exposition-disque-disc.jpg","width":350,"height":165,"caption":"Disc Exhibition"},{"@type":"BreadcrumbList","@id":"https:\/\/moeb.ca\/en\/exhibitions\/disc-disque\/#breadcrumb","itemListElement":[{"@type":"ListItem","position":1,"name":"Home","item":"https:\/\/moeb.ca\/en\/"},{"@type":"ListItem","position":2,"name":"Exhibitions","item":"https:\/\/moeb.ca\/en\/exhibitions\/"},{"@type":"ListItem","position":3,"name":"Disc \/ Disque"}]},{"@type":"WebSite","@id":"https:\/\/moeb.ca\/en\/#website","url":"https:\/\/moeb.ca\/en\/","name":"Musée des ondes Emile Berliner","description":"Diffuser le patrimoine associé à l&#039;histoire de l’industrie des ondes sonores","publisher":{"@id":"https:\/\/moeb.ca\/en\/#organization"},"potentialAction":[{"@type":"SearchAction","target":{"@type":"EntryPoint","urlTemplate":"https:\/\/moeb.ca\/en\/?s={search_term_string}"},"query-input":{"@type":"PropertyValueSpecification","valueRequired":true,"valueName":"search_term_string"}}],"inLanguage":"en-US"},{"@type":"Organization","@id":"https:\/\/moeb.ca\/en\/#organization","name":"Musée des Ondes Emile Berliner","url":"https:\/\/moeb.ca\/en\/","logo":{"@type":"ImageObject","inLanguage":"en-US","@id":"https:\/\/moeb.ca\/en\/#\/schema\/logo\/image\/","url":"https:\/\/moeb.ca\/wp-content\/uploads\/2020\/08\/moeb-logo.jpg","contentUrl":"https:\/\/moeb.ca\/wp-content\/uploads\/2020\/08\/moeb-logo.jpg","width":225,"height":120,"caption":"Musée des Ondes Emile Berliner"},"image":{"@id":"https:\/\/moeb.ca\/en\/#\/schema\/logo\/image\/"},"sameAs":["https:\/\/www.facebook.com\/Musée-des-ondes-Emile-Berliner-368583116562909\/"]}]}</script>
<!-- / Yoast SEO plugin. -->

Disc / Disque - Musée des ondes Emile Berliner

Musée des ondes Emile Berliner

Diffuser le patrimoine associé à l&#039;histoire de l’industrie des ondes sonores

Musée des Ondes Emile Berliner

https://www.facebook.com/Musée-des-ondes-Emile-Berliner-368583116562909/
